 a prime number?
True
Is 254751328477 prime?
True
Is 1661277517 composite?
False
Is 1536510007 a composite number?
False
Is 1120597913 composite?
False
Is 70834491863 a composite number?
True
Is 1079847641 a prime number?
True
Is 4039531579 a composite number?
False
Is 9717927047 composite?
False
Is 485104943 composite?
False
Is 39478792541 a prime number?
False
Is 1920490955 a prime number?
False
Is 3649956307 a composite number?
True
Is 67939925518 a prime number?
False
Is 1548998309 a prime number?
False
Is 157930709 composite?
True
Is 29386417891 a composite number?
False
Is 76799174 composite?
True
Is 2208486487 a prime number?
True
Is 7168613371 composite?
False
Is 7673293371 a composite number?
True
Is 341795789 prime?
False
Is 708128279 composite?
False
Is 5837842561 a prime number?
True
Is 574057147 a composite number?
True
Is 502508297 a prime number?
False
Is 29815417 a composite number?
False
Is 555662251 a composite number?
True
Is 4166709167 a prime number?
True
Is 84612521 a prime number?
False
Is 8402665907 composite?
False
Is 60334523 a composite number?
False
Is 323101513 composite?
True
Is 52354904663 composite?
True
Is 135398224849 prime?
True
Is 1169822833 a composite number?
True
Is 324102029 a prime number?
True
Is 16112319953 composite?
False
Is 11831110469 a prime number?
True
Is 135826273 a prime number?
False
Is 61406729623 composite?
True
Is 115739347 a composite number?
False
Is 22254007855 a prime number?
False
Is 20376758063 a composite number?
False
Is 36509953801 prime?
True
Is 566596271 a prime number?
True
Is 66211591 composite?
False
Is 20975906453 a prime number?
False
Is 12190392934 prime?
False
Is 63310063 a composite number?
False
Is 4252511863 prime?
True
Is 8894369291 composite?
False
Is 62047639763 composite?
False
Is 1033027817 composite?
True
Is 4460047211 composite?
False
Is 876935561 a prime number?
True
Is 5356063381 a composite number?
True
Is 2910749753 a prime number?
True
Is 3794827469 prime?
True
Is 2875219133 a prime number?
True
Is 174836637197 prime?
False
Is 1477100377 composite?
False
Is 338421857 composite?
True
Is 241486813 a composite number?
False
Is 1600616503 a composite number?
True
Is 31673932561 a composite number?
False
Is 5076010363 prime?
False
Is 240533013953 a composite number?
True
Is 711491621 composite?
True
Is 2960974057 a composite number?
False
Is 933586081 a composite number?
False
Is 117289433 prime?
True
Is 11556502379 a prime number?
True
Is 16516198727 a composite number?
True
Is 31771360303 a prime number?
True
Is 344715017 prime?
True
Is 321340799 prime?
False
Is 11227903133 prime?
True
Is 492636588265 composite?
True
Is 2220849541 composite?
True
Is 27399121111 composite?
False
Is 5863058059 a prime number?
True
Is 14115503 a composite number?
False
Is 172271806039 a composite number?
True
Is 10184633869 prime?
True
Is 321223163 a composite number?
True
Is 6468135749 a prime number?
False
Is 89229383383 prime?
False
Is 13349028799 a prime number?
True
Is 9339299999 a composite number?
True
Is 94909100477 a prime number?
True
Is 71692217 a composite number?
True
Is 6938078711 prime?
True
Is 2614512377 a composite number?
False
Is 4602348433 a prime number?
True
Is 1461566867 composite?
True
Is 117462211 composite?
True
Is 26620241 composite?
False
Is 22794450697 a prime number?
False
Is 192879733 composite?
True
Is 3205603847 a prime number?
True
Is 21763640033 a prime number?
False
Is 37768517537 composite?
False
Is 93211483 a prime number?
False
Is 16623527831 a prime number?
False
Is 211792453 composite?
True
Is 33247873 a prime number?
True
Is 6793557451 prime?
True
Is 1595239 a prime number?
True
Is 53106923735 a composite number?
True
Is 5725837193 a composite number?
False
Is 8408996249 a prime number?
True
Is 19217464187 a prime number?
False
Is 26406668741 a prime number?
True
Is 3865226579 a prime number?
False
Is 516953354 prime?
False
Is 34761194291 composite?
False
Is 95892515 a composite number?
True
Is 4278969337 composite?
False
Is 28670203 a composite number?
True
Is 550368167 prime?
False
Is 47549934037 a prime number?
True
Is 1166771453 prime?
True
Is 4473889223 a prime number?
True
Is 3005049439 a composite number?
True
Is 14010792689 composite?
False
Is 6303181693 a composite number?
True
Is 283771093 prime?
False
Is 999068237 a prime number?
False
Is 33654919087 a prime number?
True
Is 755561953 a prime number?
True
Is 5217857259 prime?
False
Is 7427772791 a composite number?
True
Is 595887073 a composite number?
False
Is 731922547 a composite number?
False
Is 4523558698 a prime number?
False
Is 217345211 a composite number?
True
Is 4752703573 composite?
True
Is 2915854355 a composite number?
True
Is 13188271363 a prime number?
True
Is 2710194481 a composite number?
True
Is 22406627489 a prime number?
True
Is 4073927317 composite?
True
Is 7787191393 composite?
True
Is 3578104201 a prime number?
False
Is 1675887513 a composite number?
True
Is 50954022902 prime?
False
Is 32233025663 a composite number?
False
Is 374503289 a composite number?
False
Is 350147069 prime?
False
Is 1229643329 a prime number?
False
Is 5811843659 a composite number?
True
Is 1680435997 a prime number?
False
Is 44834081 prime?
True
Is 2799800831 a composite number?
True
Is 4441699391 composite?
True
Is 9043955707 a composite number?
False
Is 635747953 prime?
True
Is 36719587579 prime?
True
Is 13409328169 prime?
False
Is 1812113023 a prime number?
False
Is 1580395777 composite?
False
Is 220537661 composite?
True
Is 68096276273 a composite number?
True
Is 98391593711 composite?
False
Is 1475523013 a prime number?
True
Is 540361477 a composite number?
False
Is 170181701 a prime number?
True
Is 9556770463 a prime number?
True
Is 611549149 a composite number?
False
Is 32103202809 composite?
True
Is 86584393667 a prime number?
False
Is 821963599 a composite number?
False
Is 1734615373 a composite number?
True
Is 3746546161 a composite number?
True
Is 6134326477 a composite number?
True
Is 191218309 a prime number?
False
Is 7794831467 composite?
True
Is 240037561 a composite number?
False
Is 6007472771 prime?
True
Is 403084973 a composite number?
False
Is 91931923 a prime number?
True
Is 20244737663 composite?
False
Is 63781449427 prime?
True
Is 6488216153 a composite number?
False
Is 3368663926 a prime number?
False
Is 51335825731 a prime number?
True
Is 587048851 prime?
True
Is 46049597971 composite?
True
Is 13147359827 composite?
True
Is 7145625719 a composite number?
False
Is 1818254651 prime?
True
Is 101460410137 a composite number?
False
Is 347964552511 a composite number?
False
Is 97143706367 a prime number?
True
Is 85487959471 composite?
True
Is 1942346431 composite?
False
Is 2513704667 a composite number?
False
Is 1382319859 composite?
False
Is 269810473 a prime number?
True
Is 6649677719 a prime number?
True
Is 624078633 composite?
True
Is 4203520337 composite?
True
Is 61297567661 a prime number?
False
Is 252088453 composite?
True
Is 10173082345 a composite number?
True
Is 242081481835 composite?
True
Is 28478601843 prime?
False
Is 22688828077 a prime number?
True
Is 2660431807 prime?
False
Is 7525546403 a composite number?
True
Is 1823918687 composite?
False
Is 552488141 prime?
True
Is 4987607549 composite?
True
Is 2131384373 prime?
False
Is 5283827539 composite?
False
Is 1339207271 a composite number?
False
Is 7386871 a composite number?
False
Is 48365703539 a composite number?
True
Is 36525524143 a composite number?
False
Is 882031063 prime?
False
Is 926054839 prime?
False
Is 2685438569 prime?
False
Is 3952024591 a composite number?
False
Is 2415174677 a prime number?
False
Is 33138853957 a prime number?
False
Is 9705350927 a prime number?
True
Is 130977703 a composite number?
False
Is 239117215987 a composite number?
True
Is 13447574597 prime?
False
Is 3202156709 composite?
False
Is 121489721 a composite number?
False
Is 5428508543 a prime number?
True
Is 410931839 prime?
False
Is 3257957086 prime?
False
Is 798633391 a prime number?
False
Is 27057341431 a composite number?
False
Is 499336483 composite?
True
Is 14174956693 a prime number?
False
Is 233198783 composite?
False
Is 4650759013 composite?
False
Is 4935082861 a prime number?
False
Is 25456502263 pr